{"id":2854,"date":"2019-10-08T13:04:47","date_gmt":"2019-10-08T11:04:47","guid":{"rendered":"http:\/\/lesretrosduplateau.fr\/?page_id=2854"},"modified":"2019-10-09T06:22:34","modified_gmt":"2019-10-09T04:22:34","slug":"rallye-dans-le-perigord-noir","status":"publish","type":"page","link":"https:\/\/www.sea-web.fr\/demo\/rallye-dans-le-perigord-noir\/","title":{"rendered":"Rallye dans le p\u00e9rigord noir"},"content":{"rendered":"<p><img loading=\"lazy\" decoding=\"async\" class=\"alignleft size-full wp-image-2857\" src=\"http:\/\/lesretrosduplateau.fr\/wp-content\/uploads\/2019\/10\/le-groupe-des-participants.jpg\" alt=\"\" width=\"1051\" height=\"480\" srcset=\"https:\/\/www.sea-web.fr\/demo\/wp-content\/uploads\/2019\/10\/le-groupe-des-participants.jpg 1051w, https:\/\/www.sea-web.fr\/demo\/wp-content\/uploads\/2019\/10\/le-groupe-des-participants-300x137.jpg 300w, https:\/\/www.sea-web.fr\/demo\/wp-content\/uploads\/2019\/10\/le-groupe-des-participants-768x351.jpg 768w, https:\/\/www.sea-web.fr\/demo\/wp-content\/uploads\/2019\/10\/le-groupe-des-participants-1024x468.jpg 1024w\" sizes=\"(max-width: 1051px) 100vw, 1051px\" \/><\/p>\n<p>&nbsp;<\/p>\n<p>&nbsp;<\/p>\n<p>Du 15 au 19 septembre s\u2019est d\u00e9roul\u00e9 \u00ab&nbsp;le Rallye du P\u00e9rigord&nbsp;\u00bb concoct\u00e9 par les organisateurs de cette activit\u00e9 au sein des R\u00e9tros du plateau depuis 2016, Jean Jacques et Patricia Le Normand avec&nbsp; Jean-Michel et Elisabeth Cussac.<\/p>\n<p>Un s\u00e9jour r\u00e9ussi, unanimement appr\u00e9ci\u00e9 des participants, gr\u00e2ce au tr\u00e8s gros travail de pr\u00e9paration, notamment avec la r\u00e9alisation d\u2019un road book tr\u00e8s pr\u00e9cis et d\u00e9taill\u00e9.<\/p>\n<p><strong>Dimanche 15 Septembre <\/strong><\/p>\n<p>Le rendez vous pour tous les participants \u00e9tait fix\u00e9 \u00e0 DAGLAN dans le P\u00e9rigord <img loading=\"lazy\" decoding=\"async\" class=\"alignleft wp-image-2871\" src=\"http:\/\/lesretrosduplateau.fr\/wp-content\/uploads\/2019\/10\/remise-plaque-souvenir.jpg\" alt=\"\" width=\"221\" height=\"222\" srcset=\"https:\/\/www.sea-web.fr\/demo\/wp-content\/uploads\/2019\/10\/remise-plaque-souvenir.jpg 2412w, https:\/\/www.sea-web.fr\/demo\/wp-content\/uploads\/2019\/10\/remise-plaque-souvenir-150x150.jpg 150w, https:\/\/www.sea-web.fr\/demo\/wp-content\/uploads\/2019\/10\/remise-plaque-souvenir-300x300.jpg 300w, https:\/\/www.sea-web.fr\/demo\/wp-content\/uploads\/2019\/10\/remise-plaque-souvenir-768x771.jpg 768w, https:\/\/www.sea-web.fr\/demo\/wp-content\/uploads\/2019\/10\/remise-plaque-souvenir-1020x1024.jpg 1020w, https:\/\/www.sea-web.fr\/demo\/wp-content\/uploads\/2019\/10\/remise-plaque-souvenir-100x100.jpg 100w\" sizes=\"(max-width: 221px) 100vw, 221px\" \/>noir, en fin de journ\u00e9e. Un accueil chaleureux \u00e9tait pr\u00e9par\u00e9, avec la pr\u00e9sence d\u2019un ensemble de v\u00e9hicules anciens de la r\u00e9gion et du Maire, Monsieur Pascal Dussol qui s\u2019est vu offrir une plaque souvenir du Rallye.<\/p>\n<p>La surprise de cette soir\u00e9e fut l\u2019arriv\u00e9e, non pas sur ses 4 roues, mais sur le plateau de Germain, de l\u2019Austin Cooper de Michel Chenu, suite au bris d\u2019un roulement de moyeu \u00e0 Saint Yrieix la Perche. La r\u00e9paration fut r\u00e9alis\u00e9e gr\u00e2ce \u00e0 un heureux concours de circonstances&nbsp;: la pr\u00e9sence sur les lieux d\u2019un anglais, collectionneur de ces mod\u00e8les \u00e0 Saint Pompon, qui poss\u00e9dait la pi\u00e8ce. Le moyeu fut remplac\u00e9 le lendemain matin, en un tour de main, par Didier Valley et jean Michel Cussac, un bel exemple de travail d\u2019\u00e9quipe.<\/p>\n<p>La journ\u00e9e se termine par un repas&nbsp; \u00e0 base de foie gras en plein air sur la place de Daglan.<\/p>\n<p><strong>Lundi 16 Septembre<\/strong><\/p>\n<p>D\u00e9part \u00e0 8h00 pour la visite de la vall\u00e9e de la Dordogne, en passant par Castelnaud la Chapelle, la Roque Gageac <em>(village du moyen \u00e2ge, fort troglodytique, ruines du ch\u00e2teau de Tarde et des Ev\u00eaques de Sarlat, jardin exotique \u00ab&nbsp;la bambouseraie&nbsp;\u00bb)<\/em><\/p>\n<p>Arr\u00eat sur l\u2019esplanade de Domme <em>(Bastide fran\u00e7aise de 1281 fond\u00e9e par philippe II dit le Hardi)<\/em><\/p>\n<p><img loading=\"lazy\" decoding=\"async\" class=\"alignleft wp-image-2865\" src=\"http:\/\/lesretrosduplateau.fr\/wp-content\/uploads\/2019\/10\/Chateau-de-fenelon.jpg\" alt=\"\" width=\"229\" height=\"172\" srcset=\"https:\/\/www.sea-web.fr\/demo\/wp-content\/uploads\/2019\/10\/Chateau-de-fenelon.jpg 4128w, https:\/\/www.sea-web.fr\/demo\/wp-content\/uploads\/2019\/10\/Chateau-de-fenelon-300x225.jpg 300w, https:\/\/www.sea-web.fr\/demo\/wp-content\/uploads\/2019\/10\/Chateau-de-fenelon-768x576.jpg 768w, https:\/\/www.sea-web.fr\/demo\/wp-content\/uploads\/2019\/10\/Chateau-de-fenelon-1024x768.jpg 1024w\" sizes=\"(max-width: 229px) 100vw, 229px\" \/>Puis visite du Ch\u00e2teau de F\u00e9nelon (\u00e9crivain et Archev\u00eaque de Cambrai, ce ch\u00e2teau de la r\u00e9gion est l\u2019un des rares \u00e0 poss\u00e9der une imposante toiture en pierre de lauzes.<\/p>\n<p>&nbsp;Le d\u00e9jeuner est pris \u00e0 Masclat, puis direction le Quercy et le moulin de Cougnaguet (XIVe) Apr\u00e8s la visite chacun s\u2019est vu offrir, un sachet de farine et un petit verre d\u2019eau-de-vie de prune.<\/p>\n<p>Arr\u00eat et quartier libre \u00e0 Rocamadour <em>(la cit\u00e9 sacr\u00e9e, lieu de p\u00e8lerinage depuis de XIIe si\u00e8cle, la basilique St Sauveur, la crypte St Amadour, la chapelle miraculeuse qui abrite la vierge noire)<\/em> Moins connue, la chapelle du Rugby, ch\u00e8re \u00e0 Jo\u00ebl Moutier fan de ce sport, l\u2019un des participants.<\/p>\n<p>Retour vers Daglan en passant par Gourdon o\u00f9 nous r\u00e9cup\u00e9rons J\u00e9r\u00f4me Hiron, puis un arr\u00eat \u00e0 Saint Martial.<\/p>\n<p><strong>Mardi 17 Septembre<\/strong><\/p>\n<p>Circuit des Bastides et visite de Belv\u00e8s construite par les anglais.<\/p>\n<p><img loading=\"lazy\" decoding=\"async\" class=\"alignleft wp-image-2867\" src=\"http:\/\/lesretrosduplateau.fr\/wp-content\/uploads\/2019\/10\/La-place-de-montpazier.jpg\" alt=\"\" width=\"183\" height=\"137\" srcset=\"https:\/\/www.sea-web.fr\/demo\/wp-content\/uploads\/2019\/10\/La-place-de-montpazier.jpg 1032w, https:\/\/www.sea-web.fr\/demo\/wp-content\/uploads\/2019\/10\/La-place-de-montpazier-300x225.jpg 300w, https:\/\/www.sea-web.fr\/demo\/wp-content\/uploads\/2019\/10\/La-place-de-montpazier-768x576.jpg 768w, https:\/\/www.sea-web.fr\/demo\/wp-content\/uploads\/2019\/10\/La-place-de-montpazier-1024x768.jpg 1024w\" sizes=\"(max-width: 183px) 100vw, 183px\" \/>Arr\u00eat et quartier libre \u00e0 Monpazier <em>(la plus remarquable des bastide, fond\u00e9e en 1284 par Edouard 1<sup>er<\/sup> D\u2019Angleterre)<\/em> &nbsp;l\u2019occasion pour ces dames de faire quelques emplettes de fringues italiennes au magasin pr\u00e9f\u00e9r\u00e9 de Patricia.<\/p>\n<p>Repas au Buisson de Cadouin, au restaurant l\u2019Interlude tenu par des normands.<\/p>\n<p>L\u2019apr\u00e8s-midi arr\u00eat dans une cave au Bugue pour une d\u00e9gustation de vin de Bergerac et r\u00eaver devant des bouteilles de prestige.<img loading=\"lazy\" decoding=\"async\" class=\"wp-image-2873 alignright\" src=\"http:\/\/lesretrosduplateau.fr\/wp-content\/uploads\/2019\/10\/visite-dune-cave-\u00e0-vin-au-Bugue.jpg\" alt=\"\" width=\"200\" height=\"150\" srcset=\"https:\/\/www.sea-web.fr\/demo\/wp-content\/uploads\/2019\/10\/visite-dune-cave-\u00e0-vin-au-Bugue.jpg 1032w, https:\/\/www.sea-web.fr\/demo\/wp-content\/uploads\/2019\/10\/visite-dune-cave-\u00e0-vin-au-Bugue-300x225.jpg 300w, https:\/\/www.sea-web.fr\/demo\/wp-content\/uploads\/2019\/10\/visite-dune-cave-\u00e0-vin-au-Bugue-768x576.jpg 768w, https:\/\/www.sea-web.fr\/demo\/wp-content\/uploads\/2019\/10\/visite-dune-cave-\u00e0-vin-au-Bugue-1024x768.jpg 1024w\" sizes=\"(max-width: 200px) 100vw, 200px\" \/><\/p>\n<p>Direction Sarlat, pour une visite libre de la capitale du P\u00e9rigord noir pr\u00e9sentant un ensemble urbain m\u00e9di\u00e9val parmi les plus importants au monde.<\/p>\n<p>Repas du soir \u00e0 Beynac au restaurant \u00ab&nbsp;la Petite Tonnelle&nbsp;\u00bb avec la particularit\u00e9 d\u2019\u00eatre construit contre un rocher laissant passer un petit ru. D\u00e9gustation offerte par la maison d\u2019eau- de-vie de poire et de prune.<\/p>\n<p>Retour \u00e0 Daglan par la vall\u00e9e de la Dordogne avec le spectacle des ch\u00e2teaux illumin\u00e9s<\/p>\n<p><strong>Mercredi 18 septembre<\/strong><\/p>\n<p><img loading=\"lazy\" decoding=\"async\" class=\"alignleft wp-image-2868\" src=\"http:\/\/lesretrosduplateau.fr\/wp-content\/uploads\/2019\/10\/Le-jardin-des-Milandes.jpg\" alt=\"\" width=\"142\" height=\"190\" srcset=\"https:\/\/www.sea-web.fr\/demo\/wp-content\/uploads\/2019\/10\/Le-jardin-des-Milandes.jpg 3096w, https:\/\/www.sea-web.fr\/demo\/wp-content\/uploads\/2019\/10\/Le-jardin-des-Milandes-225x300.jpg 225w, https:\/\/www.sea-web.fr\/demo\/wp-content\/uploads\/2019\/10\/Le-jardin-des-Milandes-768x1024.jpg 768w\" sizes=\"(max-width: 142px) 100vw, 142px\" \/>Visite du Ch\u00e2teau des Milandes (demeure de Jos\u00e9phine Baker c\u00e9l\u00e8bre meneuse de revue des ann\u00e9es folles) avec une guide tr\u00e8s agr\u00e9able et tr\u00e8s professionnelle. Spectacle de fauconnerie avec rapaces et d\u00e9monstration de chasse au faucon.<img loading=\"lazy\" decoding=\"async\" class=\"wp-image-2876 alignright\" src=\"http:\/\/lesretrosduplateau.fr\/wp-content\/uploads\/2019\/10\/Resized_20190918_1117581.jpg\" alt=\"\" width=\"145\" height=\"194\" srcset=\"https:\/\/www.sea-web.fr\/demo\/wp-content\/uploads\/2019\/10\/Resized_20190918_1117581.jpg 720w, https:\/\/www.sea-web.fr\/demo\/wp-content\/uploads\/2019\/10\/Resized_20190918_1117581-225x300.jpg 225w\" sizes=\"(max-width: 145px) 100vw, 145px\" \/><\/p>\n<p>&nbsp;<\/p>\n<p>D\u00e9jeuner au restaurant le Gabarrier au bord de la Dordogne, pour un repas typiquement p\u00e9rigourdin, sous une chaleur de plomb.<\/p>\n<p>Visite de la c\u00e9l\u00e8bre grotte de Lascaux&nbsp; l&rsquo;une des plus importantes&nbsp; grottes orn\u00e9es du Pal\u00e9olithique en France \u00e0 16h12 pr\u00e9cise (horaire respect\u00e9).<\/p>\n<p>La route est reprise le long de la vall\u00e9e de la V\u00e9z\u00e8re, site pr\u00e9historique avec la Roque st Christophe, les Eyzies\u2026<\/p>\n<p>Dernier diner au restaurant le Bistrot d\u2019Epicure.<\/p>\n<p><strong>Jeudi 19 Septembre<\/strong><\/p>\n<p>Retour au Neubourg, non sans avoir f\u00e9licit\u00e9 nos organisateurs pour le travail accompli et la bonne humeur des participants.<\/p>\n<p>&nbsp;<\/p>\n<p><strong><u>Le mot du pr\u00e9sident <\/u><\/strong><\/p>\n<p>A entendre tous les participants sur le rallye belle organisation<\/p>\n<p>Je remercie Patricia et Jean Jacques pour leur implication active au niveau des rallyes en g\u00e9n\u00e9ral, mais surtout celui du P\u00e9rigord qui a quand m\u00eame dur\u00e9 4 jours.<\/p>\n<p>Merci \u00e0 tous deux<\/p>\n<p>Le pr\u00e9sident<\/p>\n<p>Jacques Plancqueel<\/p>\n","protected":false},"excerpt":{"rendered":"<p>&nbsp; &nbsp; Du 15 au 19 septembre s\u2019est d\u00e9roul\u00e9 \u00ab&nbsp;le Rallye du P\u00e9rigord&nbsp;\u00bb concoct\u00e9 par les organisateurs de cette activit\u00e9 au sein des R\u00e9tros du plateau depuis 2016, Jean Jacques et Patricia Le Normand avec&nbsp; Jean-Michel et Elisabeth Cussac. Un s\u00e9jour r\u00e9ussi, unanimement appr\u00e9ci\u00e9 des participants, gr\u00e2ce au tr\u00e8s gros travail de pr\u00e9paration, notamment avec [&hellip;]<\/p>\n","protected":false},"author":4,"featured_media":0,"parent":0,"menu_order":0,"comment_status":"closed","ping_status":"closed","template":"","meta":{"saved_in_kubio":false,"ngg_post_thumbnail":0,"footnotes":""},"class_list":["post-2854","page","type-page","status-publish","hentry"],"kubio_ai_page_context":{"short_desc":"","purpose":"general"},"_links":{"self":[{"href":"https:\/\/www.sea-web.fr\/demo\/wp-json\/wp\/v2\/pages\/2854","targetHints":{"allow":["GET"]}}],"collection":[{"href":"https:\/\/www.sea-web.fr\/demo\/wp-json\/wp\/v2\/pages"}],"about":[{"href":"https:\/\/www.sea-web.fr\/demo\/wp-json\/wp\/v2\/types\/page"}],"author":[{"embeddable":true,"href":"https:\/\/www.sea-web.fr\/demo\/wp-json\/wp\/v2\/users\/4"}],"replies":[{"embeddable":true,"href":"https:\/\/www.sea-web.fr\/demo\/wp-json\/wp\/v2\/comments?post=2854"}],"version-history":[{"count":9,"href":"https:\/\/www.sea-web.fr\/demo\/wp-json\/wp\/v2\/pages\/2854\/revisions"}],"predecessor-version":[{"id":2877,"href":"https:\/\/www.sea-web.fr\/demo\/wp-json\/wp\/v2\/pages\/2854\/revisions\/2877"}],"wp:attachment":[{"href":"https:\/\/www.sea-web.fr\/demo\/wp-json\/wp\/v2\/media?parent=2854"}],"curies":[{"name":"wp","href":"https:\/\/api.w.org\/{rel}","templated":true}]}}

Rallye dans le périgord noir

<p><img loading="lazy" decoding="async" class="alignleft size-full wp-image-2857" src="http://lesretrosduplateau.fr/wp-content/uploads/2019/10/le-groupe-des-participants.jpg" alt="" width="1051" height="480" srcset="https://www.sea-web.fr/demo/wp-content/uploads/2019/10/le-groupe-des-participants.jpg 1051w, https://www.sea-web.fr/demo/wp-content/uploads/2019/10/le-groupe-des-participants-300x137.jpg 300w, https://www.sea-web.fr/demo/wp-content/uploads/2019/10/le-groupe-des-participants-768x351.jpg 768w, https://www.sea-web.fr/demo/wp-content/uploads/2019/10/le-groupe-des-participants-1024x468.jpg 1024w" sizes="(max-width: 1051px) 100vw, 1051px" /></p>
<p>&nbsp;</p>
<p>&nbsp;</p>
<p>Du 15 au 19 septembre s’est déroulé «&nbsp;le Rallye du Périgord&nbsp;» concocté par les organisateurs de cette activité au sein des Rétros du plateau depuis 2016, Jean Jacques et Patricia Le Normand avec&nbsp; Jean-Michel et Elisabeth Cussac.</p>
<p>Un séjour réussi, unanimement apprécié des participants, grâce au très gros travail de préparation, notamment avec la réalisation d’un road book très précis et détaillé.</p>
<p><strong>Dimanche 15 Septembre </strong></p>
<p>Le rendez vous pour tous les participants était fixé à DAGLAN dans le Périgord <img loading="lazy" decoding="async" class="alignleft wp-image-2871" src="http://lesretrosduplateau.fr/wp-content/uploads/2019/10/remise-plaque-souvenir.jpg" alt="" width="221" height="222" srcset="https://www.sea-web.fr/demo/wp-content/uploads/2019/10/remise-plaque-souvenir.jpg 2412w, https://www.sea-web.fr/demo/wp-content/uploads/2019/10/remise-plaque-souvenir-150x150.jpg 150w, https://www.sea-web.fr/demo/wp-content/uploads/2019/10/remise-plaque-souvenir-300x300.jpg 300w, https://www.sea-web.fr/demo/wp-content/uploads/2019/10/remise-plaque-souvenir-768x771.jpg 768w, https://www.sea-web.fr/demo/wp-content/uploads/2019/10/remise-plaque-souvenir-1020x1024.jpg 1020w, https://www.sea-web.fr/demo/wp-content/uploads/2019/10/remise-plaque-souvenir-100x100.jpg 100w" sizes="(max-width: 221px) 100vw, 221px" />noir, en fin de journée. Un accueil chaleureux était préparé, avec la présence d’un ensemble de véhicules anciens de la région et du Maire, Monsieur Pascal Dussol qui s’est vu offrir une plaque souvenir du Rallye.</p>
<p>La surprise de cette soirée fut l’arrivée, non pas sur ses 4 roues, mais sur le plateau de Germain, de l’Austin Cooper de Michel Chenu, suite au bris d’un roulement de moyeu à Saint Yrieix la Perche. La réparation fut réalisée grâce à un heureux concours de circonstances&nbsp;: la présence sur les lieux d’un anglais, collectionneur de ces modèles à Saint Pompon, qui possédait la pièce. Le moyeu fut remplacé le lendemain matin, en un tour de main, par Didier Valley et jean Michel Cussac, un bel exemple de travail d’équipe.</p>
<p>La journée se termine par un repas&nbsp; à base de foie gras en plein air sur la place de Daglan.</p>
<p><strong>Lundi 16 Septembre</strong></p>
<p>Départ à 8h00 pour la visite de la vallée de la Dordogne, en passant par Castelnaud la Chapelle, la Roque Gageac <em>(village du moyen âge, fort troglodytique, ruines du château de Tarde et des Evêques de Sarlat, jardin exotique «&nbsp;la bambouseraie&nbsp;»)</em></p>
<p>Arrêt sur l’esplanade de Domme <em>(Bastide française de 1281 fondée par philippe II dit le Hardi)</em></p>
<p><img loading="lazy" decoding="async" class="alignleft wp-image-2865" src="http://lesretrosduplateau.fr/wp-content/uploads/2019/10/Chateau-de-fenelon.jpg" alt="" width="229" height="172" srcset="https://www.sea-web.fr/demo/wp-content/uploads/2019/10/Chateau-de-fenelon.jpg 4128w, https://www.sea-web.fr/demo/wp-content/uploads/2019/10/Chateau-de-fenelon-300x225.jpg 300w, https://www.sea-web.fr/demo/wp-content/uploads/2019/10/Chateau-de-fenelon-768x576.jpg 768w, https://www.sea-web.fr/demo/wp-content/uploads/2019/10/Chateau-de-fenelon-1024x768.jpg 1024w" sizes="(max-width: 229px) 100vw, 229px" />Puis visite du Château de Fénelon (écrivain et Archevêque de Cambrai, ce château de la région est l’un des rares à posséder une imposante toiture en pierre de lauzes.</p>
<p>&nbsp;Le déjeuner est pris à Masclat, puis direction le Quercy et le moulin de Cougnaguet (XIVe) Après la visite chacun s’est vu offrir, un sachet de farine et un petit verre d’eau-de-vie de prune.</p>
<p>Arrêt et quartier libre à Rocamadour <em>(la cité sacrée, lieu de pèlerinage depuis de XIIe siècle, la basilique St Sauveur, la crypte St Amadour, la chapelle miraculeuse qui abrite la vierge noire)</em> Moins connue, la chapelle du Rugby, chère à Joël Moutier fan de ce sport, l’un des participants.</p>
<p>Retour vers Daglan en passant par Gourdon où nous récupérons Jérôme Hiron, puis un arrêt à Saint Martial.</p>
<p><strong>Mardi 17 Septembre</strong></p>
<p>Circuit des Bastides et visite de Belvès construite par les anglais.</p>
<p><img loading="lazy" decoding="async" class="alignleft wp-image-2867" src="http://lesretrosduplateau.fr/wp-content/uploads/2019/10/La-place-de-montpazier.jpg" alt="" width="183" height="137" srcset="https://www.sea-web.fr/demo/wp-content/uploads/2019/10/La-place-de-montpazier.jpg 1032w, https://www.sea-web.fr/demo/wp-content/uploads/2019/10/La-place-de-montpazier-300x225.jpg 300w, https://www.sea-web.fr/demo/wp-content/uploads/2019/10/La-place-de-montpazier-768x576.jpg 768w, https://www.sea-web.fr/demo/wp-content/uploads/2019/10/La-place-de-montpazier-1024x768.jpg 1024w" sizes="(max-width: 183px) 100vw, 183px" />Arrêt et quartier libre à Monpazier <em>(la plus remarquable des bastide, fondée en 1284 par Edouard 1<sup>er</sup> D’Angleterre)</em> &nbsp;l’occasion pour ces dames de faire quelques emplettes de fringues italiennes au magasin préféré de Patricia.</p>
<p>Repas au Buisson de Cadouin, au restaurant l’Interlude tenu par des normands.</p>
<p>L’après-midi arrêt dans une cave au Bugue pour une dégustation de vin de Bergerac et rêver devant des bouteilles de prestige.<img loading="lazy" decoding="async" class="wp-image-2873 alignright" src="http://lesretrosduplateau.fr/wp-content/uploads/2019/10/visite-dune-cave-à-vin-au-Bugue.jpg" alt="" width="200" height="150" srcset="https://www.sea-web.fr/demo/wp-content/uploads/2019/10/visite-dune-cave-à-vin-au-Bugue.jpg 1032w, https://www.sea-web.fr/demo/wp-content/uploads/2019/10/visite-dune-cave-à-vin-au-Bugue-300x225.jpg 300w, https://www.sea-web.fr/demo/wp-content/uploads/2019/10/visite-dune-cave-à-vin-au-Bugue-768x576.jpg 768w, https://www.sea-web.fr/demo/wp-content/uploads/2019/10/visite-dune-cave-à-vin-au-Bugue-1024x768.jpg 1024w" sizes="(max-width: 200px) 100vw, 200px" /></p>
<p>Direction Sarlat, pour une visite libre de la capitale du Périgord noir présentant un ensemble urbain médiéval parmi les plus importants au monde.</p>
<p>Repas du soir à Beynac au restaurant «&nbsp;la Petite Tonnelle&nbsp;» avec la particularité d’être construit contre un rocher laissant passer un petit ru. Dégustation offerte par la maison d’eau- de-vie de poire et de prune.</p>
<p>Retour à Daglan par la vallée de la Dordogne avec le spectacle des châteaux illuminés</p>
<p><strong>Mercredi 18 septembre</strong></p>
<p><img loading="lazy" decoding="async" class="alignleft wp-image-2868" src="http://lesretrosduplateau.fr/wp-content/uploads/2019/10/Le-jardin-des-Milandes.jpg" alt="" width="142" height="190" srcset="https://www.sea-web.fr/demo/wp-content/uploads/2019/10/Le-jardin-des-Milandes.jpg 3096w, https://www.sea-web.fr/demo/wp-content/uploads/2019/10/Le-jardin-des-Milandes-225x300.jpg 225w, https://www.sea-web.fr/demo/wp-content/uploads/2019/10/Le-jardin-des-Milandes-768x1024.jpg 768w" sizes="(max-width: 142px) 100vw, 142px" />Visite du Château des Milandes (demeure de Joséphine Baker célèbre meneuse de revue des années folles) avec une guide très agréable et très professionnelle. Spectacle de fauconnerie avec rapaces et démonstration de chasse au faucon.<img loading="lazy" decoding="async" class="wp-image-2876 alignright" src="http://lesretrosduplateau.fr/wp-content/uploads/2019/10/Resized_20190918_1117581.jpg" alt="" width="145" height="194" srcset="https://www.sea-web.fr/demo/wp-content/uploads/2019/10/Resized_20190918_1117581.jpg 720w, https://www.sea-web.fr/demo/wp-content/uploads/2019/10/Resized_20190918_1117581-225x300.jpg 225w" sizes="(max-width: 145px) 100vw, 145px" /></p>
<p>&nbsp;</p>
<p>Déjeuner au restaurant le Gabarrier au bord de la Dordogne, pour un repas typiquement périgourdin, sous une chaleur de plomb.</p>
<p>Visite de la célèbre grotte de Lascaux&nbsp; l&rsquo;une des plus importantes&nbsp; grottes ornées du Paléolithique en France à 16h12 précise (horaire respecté).</p>
<p>La route est reprise le long de la vallée de la Vézère, site préhistorique avec la Roque st Christophe, les Eyzies…</p>
<p>Dernier diner au restaurant le Bistrot d’Epicure.</p>
<p><strong>Jeudi 19 Septembre</strong></p>
<p>Retour au Neubourg, non sans avoir félicité nos organisateurs pour le travail accompli et la bonne humeur des participants.</p>
<p>&nbsp;</p>
<p><strong><u>Le mot du président </u></strong></p>
<p>A entendre tous les participants sur le rallye belle organisation</p>
<p>Je remercie Patricia et Jean Jacques pour leur implication active au niveau des rallyes en général, mais surtout celui du Périgord qui a quand même duré 4 jours.</p>
<p>Merci à tous deux</p>
<p>Le président</p>
<p>Jacques Plancqueel</p>

<p>&nbsp; &nbsp; Du 15 au 19 septembre s’est déroulé «&nbsp;le Rallye du Périgord&nbsp;» concocté par les organisateurs de cette activité au sein des Rétros du plateau depuis 2016, Jean Jacques et Patricia Le Normand avec&nbsp; Jean-Michel et Elisabeth Cussac. Un séjour réussi, unanimement apprécié des participants, grâce au très gros travail de préparation, notamment avec [&hellip;]</p>
