{"id":3778,"date":"2022-03-02T13:33:36","date_gmt":"2022-03-02T12:33:36","guid":{"rendered":"http:\/\/lesretrosduplateau.fr\/?page_id=3778"},"modified":"2022-03-04T15:15:46","modified_gmt":"2022-03-04T14:15:46","slug":"le-rassemblement-annuel-2022","status":"publish","type":"page","link":"https:\/\/www.sea-web.fr\/demo\/le-rassemblement-annuel-2022\/","title":{"rendered":"le rassemblement annuel 2022"},"content":{"rendered":"<p style=\"text-align: center;\">T\u00e9l\u00e9charger le flyer de la manifestation et le bulletin d&rsquo;inscription de la bourse aux pi\u00e8ces en cliquant sur les miniatures suivantes :<\/p>\n<p>&nbsp;<a href=\"http:\/\/lesretrosduplateau.fr\/wp-content\/uploads\/2022\/03\/bulletin-dinscription-2022.pdf\"><img loading=\"lazy\" decoding=\"async\" class=\"alignleft wp-image-3791\" src=\"http:\/\/lesretrosduplateau.fr\/wp-content\/uploads\/2022\/03\/bulletin-dinscription-2022.jpg\" alt=\"\" width=\"252\" height=\"348\"><\/a><a href=\"http:\/\/lesretrosduplateau.fr\/wp-content\/uploads\/2022\/03\/12eme-grand-rassemblement-2022-1.pdf\"><img loading=\"lazy\" decoding=\"async\" class=\"alignleft wp-image-3785\" src=\"http:\/\/lesretrosduplateau.fr\/wp-content\/uploads\/2022\/03\/affiche-du-23-24-Avril.jpg\" alt=\"\" width=\"250\" height=\"353\" srcset=\"https:\/\/www.sea-web.fr\/demo\/wp-content\/uploads\/2022\/03\/affiche-du-23-24-Avril.jpg 1654w, https:\/\/www.sea-web.fr\/demo\/wp-content\/uploads\/2022\/03\/affiche-du-23-24-Avril-212x300.jpg 212w, https:\/\/www.sea-web.fr\/demo\/wp-content\/uploads\/2022\/03\/affiche-du-23-24-Avril-768x1086.jpg 768w, https:\/\/www.sea-web.fr\/demo\/wp-content\/uploads\/2022\/03\/affiche-du-23-24-Avril-724x1024.jpg 724w\" sizes=\"(max-width: 250px) 100vw, 250px\" \/><\/a><\/p>\n","protected":false},"excerpt":{"rendered":"<p>T\u00e9l\u00e9charger le flyer de la manifestation et le bulletin d&rsquo;inscription de la bourse aux pi\u00e8ces en cliquant sur les miniatures suivantes : &nbsp;<\/p>\n","protected":false},"author":4,"featured_media":0,"parent":0,"menu_order":0,"comment_status":"closed","ping_status":"closed","template":"","meta":{"saved_in_kubio":false,"ngg_post_thumbnail":0,"footnotes":""},"class_list":["post-3778","page","type-page","status-publish","hentry"],"kubio_ai_page_context":{"short_desc":"","purpose":"general"},"_links":{"self":[{"href":"https:\/\/www.sea-web.fr\/demo\/wp-json\/wp\/v2\/pages\/3778","targetHints":{"allow":["GET"]}}],"collection":[{"href":"https:\/\/www.sea-web.fr\/demo\/wp-json\/wp\/v2\/pages"}],"about":[{"href":"https:\/\/www.sea-web.fr\/demo\/wp-json\/wp\/v2\/types\/page"}],"author":[{"embeddable":true,"href":"https:\/\/www.sea-web.fr\/demo\/wp-json\/wp\/v2\/users\/4"}],"replies":[{"embeddable":true,"href":"https:\/\/www.sea-web.fr\/demo\/wp-json\/wp\/v2\/comments?post=3778"}],"version-history":[{"count":6,"href":"https:\/\/www.sea-web.fr\/demo\/wp-json\/wp\/v2\/pages\/3778\/revisions"}],"predecessor-version":[{"id":3796,"href":"https:\/\/www.sea-web.fr\/demo\/wp-json\/wp\/v2\/pages\/3778\/revisions\/3796"}],"wp:attachment":[{"href":"https:\/\/www.sea-web.fr\/demo\/wp-json\/wp\/v2\/media?parent=3778"}],"curies":[{"name":"wp","href":"https:\/\/api.w.org\/{rel}","templated":true}]}}